st common factor of 81 and 864.
27
What is the greatest common divisor of 2323 and 46?
23
What is the greatest common divisor of 4536 and 54?
54
What is the highest common factor of 289 and 17?
17
Calculate the greatest common divisor of 540 and 612.
36
Calculate the greatest common divisor of 496 and 31.
31
What is the highest common factor of 36 and 2997?
9
Calculate the greatest common factor of 252 and 540.
36
What is the greatest common factor of 16 and 227?
1
What is the greatest common divisor of 1247 and 43?
43
Calculate the highest common divisor of 255 and 45.
15
Calculate the highest common factor of 375 and 15.
15
Calculate the greatest common divisor of 12 and 256.
4
Calculate the highest common factor of 10661 and 7.
7
What is the highest common divisor of 2101 and 955?
191
What is the greatest common divisor of 17014 and 94?
94
What is the greatest common divisor of 2190 and 30?
30
Calculate the highest common divisor of 4202 and 22.
22
Calculate the greatest common factor of 15486 and 174.
174
What is the highest common factor of 10 and 1310?
10
Calculate the greatest common divisor of 32 and 160.
32
What is the highest common factor of 119 and 56?
7
Calculate the highest common divisor of 1020 and 306.
102
Calculate the greatest common divisor of 48 and 512.
16
Calculate the greatest common factor of 1032 and 8.
8
Calculate the greatest common factor of 234 and 162.
18
Calculate the highest common factor of 212 and 106.
106
Calculate the highest common divisor of 255 and 30.
15
What is the highest common divisor of 40 and 640?
40
Calculate the greatest common divisor of 1500 and 47000.
500
What is the greatest common factor of 5232 and 1200?
48
Calculate the highest common divisor of 286 and 52.
26
Calculate the greatest common factor of 57 and 437.
19
What is the greatest common factor of 23504 and 208?
208
What is the highest common factor of 2629 and 77?
11
Calculate the greatest common divisor of 442 and 5525.
221
What is the greatest common factor of 80 and 2640?
80
Calculate the greatest common factor of 1947 and 59.
59
What is the greatest common divisor of 42 and 37002?
42
What is the greatest common divisor of 79 and 1027?
79
Calculate the highest common divisor of 131 and 8384.
131
Calculate the highest common factor of 3717 and 315.
63
What is the greatest common factor of 28 and 1337?
7
Calculate the highest common divisor of 1534 and 177.
59
Calculate the highest common factor of 8875 and 71.
71
Calculate the greatest common divisor of 123 and 1599.
123
What is the greatest common divisor of 731 and 43?
43
Calculate the greatest common factor of 147 and 567.
21
Calculate the greatest common divisor of 396 and 36.
36
What is the greatest common factor of 90 and 10?
10
Calculate the highest common divisor of 225 and 6600.
75
Calculate the highest common factor of 20 and 40.
20
Calculate the highest common factor of 287 and 328.
41
Calculate the highest common divisor of 4484 and 760.
76
Calculate the greatest common divisor of 1331 and 143.
11
What is the highest common factor of 8323 and 574?
287
Calculate the highest common divisor of 35 and 189.
7
What is the greatest common divisor of 260 and 156?
52
Calculate the greatest common factor of 9 and 423.
9
What is the highest common divisor of 100 and 8275?
25
What is the highest common factor of 2613 and 6?
3
Calculate the highest common factor of 29988 and 108.
36
Calculate the highest common divisor of 117 and 7059.
39
Calculate the greatest common divisor of 262 and 2.
2
What is the greatest common divisor of 429 and 825?
33
Calculate the highest common divisor of 1818 and 24.
6
What is the greatest common divisor of 126 and 28?
14
Calculate the greatest common divisor of 52 and 12.
4
Calculate the highest common divisor of 600 and 180.
60
What is the highest common factor of 135 and 35640?
135
What is the highest common divisor of 11290 and 20?
10
What is the greatest common divisor of 25 and 1?
1
Calculate the greatest common divisor of 414 and 184.
46
What is the greatest common divisor of 2 and 54?
2
What is the greatest common factor of 18 and 2?
2
Calculate the highest common divisor of 140 and 5180.
140
What is the highest common factor of 10 and 890?
10
Calculate the greatest common factor of 6 and 177.
3
What is the greatest common factor of 2670 and 240?
30
What is the greatest common factor of 830 and 20?
10
What is the highest common divisor of 1079 and 664?
83
What is the greatest common factor of 585 and 45?
45
What is the greatest common factor of 344 and 11266?
86
What is the highest common factor of 19 and 2299?
19
What is the highest common factor of 426 and 66?
6
What is the highest common factor of 130 and 20?
10
Calculate the greatest common factor of 2465 and 425.
85
What is the greatest common factor of 1420 and 80?
20
Calculate the highest common divisor of 527 and 17.
17
Calculate the greatest common factor of 2658 and 12.
6
Calculate the greatest common divisor of 932 and 4.
4
What is the highest common divisor of 4186 and 92?
46
What is the greatest common factor of 144 and 944?
16
Calculate the greatest common divisor of 551 and 19.
19
Calculate the highest common divisor of 145 and 232.
29
What is the highest common factor of 72 and 378?
18
What is the greatest common factor of 4 and 16?
4
What is the highest common factor of 1561 and 9589?
223
What is the highest common factor of 12 and 1872?
12
Calculate the greatest common divisor of 806 and 52.
26
Calculate the greatest common divisor of 25883 and 11.
11
What is the greatest common factor of 5020 and 15?
5
What is the greatest common factor of 588 and 84?
84
What is the greatest common divisor of 322 and 4485?
23
What is the greatest common factor of 540 and 240?
60
What is the highest common factor of 1998 and 270?
54
Calculate the highest common factor of 10149 and 51.
51
What is the greatest common divisor of 75 and 3225?
75
Calculate the greatest common divisor of 19 and 361.
19
Calculate the greatest common divisor of 423 and 1215.
9
Calculate the highest common factor of 125 and 50.
25
What is the highest common factor of 16 and 39568?
16
Calculate the highest common divisor of 68 and 1360.
68
What is the highest common factor of 2002 and 650?
26
Calculate the highest common factor of 93 and 2697.
93
Calculate the greatest common divisor of 45 and 12465.
45
What is the highest common divisor of 28 and 2632?
28
What is the greatest common divisor of 400 and 75?
25
What is the highest common factor of 134 and 1675?
67
What is the greatest common divisor of 460 and 220?
20
What is the greatest common divisor of 15 and 240?
15
What is the highest common factor of 9 and 117?
9
What is the highest common divisor of 222 and 82806?
222
Calculate the highest common divisor of 2720 and 1700.
340
What is the highest common divisor of 782 and 414?
46
Calculate the greatest common divisor of 145 and 35.
5
What is the greatest common factor of 289 and 544?
17
What is the highest common factor of 618 and 4?
2
Calculate the greatest common divisor of 602 and 14.
14
Calculate the highest common factor of 416 and 39.
13
What is the highest common factor of 10 and 6?
2
What is the greatest common factor of 117 and 351?
117
Calculate the greatest common factor of 368 and 69.
23
What is the greatest common divisor of 114 and 9462?
114
What is the highest common factor of 13 and 2509?
13
Calculate the greatest common divisor of 87 and 2001.
87
What is the highest common divisor of 34 and 4114?
34
Calculate the greatest common divisor of 3175 and 254.
127
Calculate the greatest common divisor of 3345 and 45.
15
What is the highest common factor of 18 and 558?
18
What is the greatest common factor of 11120 and 278?
278
What is the highest common divisor of 685 and 125?
5
Calculate the highest common divisor of 6794 and 86.
86
What is the highest common factor of 1331 and 605?
121
What is the highest common divisor of 228 and 60?
12
What is the highest common factor of 145 and 5684?
29
What is the highest common factor of 296 and 24?
8
What is the highest common divisor of 160 and 2528?
32
What is the highest common divisor of 3 and 1124?
1
Calculate the highest common factor of 108 and 132.
1